{"id":178,"date":"2012-01-19T09:29:18","date_gmt":"2012-01-19T08:29:18","guid":{"rendered":"http:\/\/cedera-okna.sk\/index.php\/cedera-preisangebot\/"},"modified":"2016-08-24T11:55:32","modified_gmt":"2016-08-24T09:55:32","slug":"preise","status":"publish","type":"page","link":"https:\/\/www.cedera-okna.sk\/de\/preise\/","title":{"rendered":"CEDERA Preisangebot"},"content":{"rendered":"<p>&nbsp;<\/p>\n<p>Beim Erstellen eines Preisangebotes brauchen wir folgende Informationen:<\/p>\n<ul>\n<li>Fensterma\u00dfe (sch\u00e4tzungsweise, gemessen von Wand zur Wand &#8211; auch mit der Teilung)<\/li>\n<li>Anzahl der Fenster<\/li>\n<li>Fensterteilung &#8211; die Anzahl der Fenster<\/li>\n<li>Art der \u00d6ffnung<\/li>\n<li>Oberfl\u00e4chenfarbe<\/li>\n<li>Glastyp<\/li>\n<li>Holzart (Holzfenster) oder Profiltyp (Kunststofffenster)<\/li>\n<li>die n\u00f6tigen Dienstleistungen<\/li>\n<li>Zubeh\u00f6r<\/li>\n<\/ul>\n<p>Die Abmessung ihrer Fenster k\u00f6nnen Sie gerne auch uns \u00fcberlassen.<br \/>\nUm mit Ihnen einen Kontakt aufzunehmen und unseren Techniker zu Ihnen schicken zu k\u00f6nnen, bitten wir Sie den Kontaktformular auszuf\u00fcllen.<\/p>\n","protected":false},"excerpt":{"rendered":"<p>&nbsp; Beim Erstellen eines Preisangebotes brauchen wir folgende Informationen: Fensterma\u00dfe (sch\u00e4tzungsweise, gemessen von Wand zur Wand &#8211; auch mit der Teilung) Anzahl der Fenster Fensterteilung &#8211; die Anzahl der Fenster Art der \u00d6ffnung Oberfl\u00e4chenfarbe Glastyp Holzart (Holzfenster) oder Profiltyp (Kunststofffenster) die n\u00f6tigen Dienstleistungen Zubeh\u00f6r Die Abmessung ihrer Fenster k\u00f6nnen Sie gerne auch uns \u00fcberlassen. Um [&hellip;]<\/p>\n","protected":false},"author":3,"featured_media":0,"parent":0,"menu_order":20,"comment_status":"closed","ping_status":"closed","template":"","meta":{"footnotes":""},"class_list":["post-178","page","type-page","status-publish","hentry"],"yoast_head":"<!-- This site is optimized with the Yoast SEO plugin v27.4 - https:\/\/yoast.com\/product\/yoast-seo-wordpress\/ -->\n<title>CEDERA Preisangebot - Cedera<\/title>\n<meta name=\"robots\" content=\"index, follow, max-snippet:-1, max-image-preview:large, max-video-preview:-1\" \/>\n<link rel=\"canonical\" href=\"https:\/\/www.cedera-okna.sk\/de\/preise\/\" \/>\n<meta property=\"og:locale\" content=\"de_DE\" \/>\n<meta property=\"og:type\" content=\"article\" \/>\n<meta property=\"og:title\" content=\"CEDERA Preisangebot - Cedera\" \/>\n<meta property=\"og:description\" content=\"&nbsp; Beim Erstellen eines Preisangebotes brauchen wir folgende Informationen: Fensterma\u00dfe (sch\u00e4tzungsweise, gemessen von Wand zur Wand &#8211; auch mit der Teilung) Anzahl der Fenster Fensterteilung &#8211; die Anzahl der Fenster Art der \u00d6ffnung Oberfl\u00e4chenfarbe Glastyp Holzart (Holzfenster) oder Profiltyp (Kunststofffenster) die n\u00f6tigen Dienstleistungen Zubeh\u00f6r Die Abmessung ihrer Fenster k\u00f6nnen Sie gerne auch uns \u00fcberlassen. Um [&hellip;]\" \/>\n<meta property=\"og:url\" content=\"https:\/\/www.cedera-okna.sk\/de\/preise\/\" \/>\n<meta property=\"og:site_name\" content=\"Cedera\" \/>\n<meta property=\"article:publisher\" content=\"https:\/\/www.facebook.com\/okna.cedera\/\" \/>\n<meta property=\"article:modified_time\" content=\"2016-08-24T09:55:32+00:00\" \/>\n<!-- \/ Yoast SEO plugin. -->","yoast_head_json":{"title":"CEDERA Preisangebot - Cedera","robots":{"index":"index","follow":"follow","max-snippet":"max-snippet:-1","max-image-preview":"max-image-preview:large","max-video-preview":"max-video-preview:-1"},"canonical":"https:\/\/www.cedera-okna.sk\/de\/preise\/","og_locale":"de_DE","og_type":"article","og_title":"CEDERA Preisangebot - Cedera","og_description":"&nbsp; Beim Erstellen eines Preisangebotes brauchen wir folgende Informationen: Fensterma\u00dfe (sch\u00e4tzungsweise, gemessen von Wand zur Wand &#8211; auch mit der Teilung) Anzahl der Fenster Fensterteilung &#8211; die Anzahl der Fenster Art der \u00d6ffnung Oberfl\u00e4chenfarbe Glastyp Holzart (Holzfenster) oder Profiltyp (Kunststofffenster) die n\u00f6tigen Dienstleistungen Zubeh\u00f6r Die Abmessung ihrer Fenster k\u00f6nnen Sie gerne auch uns \u00fcberlassen. Um [&hellip;]","og_url":"https:\/\/www.cedera-okna.sk\/de\/preise\/","og_site_name":"Cedera","article_publisher":"https:\/\/www.facebook.com\/okna.cedera\/","article_modified_time":"2016-08-24T09:55:32+00:00","schema":{"@context":"https:\/\/schema.org","@graph":[{"@type":"WebPage","@id":"https:\/\/www.cedera-okna.sk\/de\/preise\/","url":"https:\/\/www.cedera-okna.sk\/de\/preise\/","name":"CEDERA Preisangebot - Cedera","isPartOf":{"@id":"https:\/\/www.cedera-okna.sk\/sk\/#website"},"datePublished":"2012-01-19T08:29:18+00:00","dateModified":"2016-08-24T09:55:32+00:00","breadcrumb":{"@id":"https:\/\/www.cedera-okna.sk\/de\/preise\/#breadcrumb"},"inLanguage":"de-DE","potentialAction":[{"@type":"ReadAction","target":["https:\/\/www.cedera-okna.sk\/de\/preise\/"]}]},{"@type":"BreadcrumbList","@id":"https:\/\/www.cedera-okna.sk\/de\/preise\/#breadcrumb","itemListElement":[{"@type":"ListItem","position":1,"name":"Domovsk\u00e1 str\u00e1nka","item":"https:\/\/www.cedera-okna.sk\/de\/"},{"@type":"ListItem","position":2,"name":"CEDERA Preisangebot"}]},{"@type":"WebSite","@id":"https:\/\/www.cedera-okna.sk\/sk\/#website","url":"https:\/\/www.cedera-okna.sk\/sk\/","name":"Cedera","description":"Plastov\u00e9 okn\u00e1 Bratislava","publisher":{"@id":"https:\/\/www.cedera-okna.sk\/sk\/#organization"},"potentialAction":[{"@type":"SearchAction","target":{"@type":"EntryPoint","urlTemplate":"https:\/\/www.cedera-okna.sk\/sk\/?s={search_term_string}"},"query-input":{"@type":"PropertyValueSpecification","valueRequired":true,"valueName":"search_term_string"}}],"inLanguage":"de-DE"},{"@type":"Organization","@id":"https:\/\/www.cedera-okna.sk\/sk\/#organization","name":"CEDERA s.r.o.","url":"https:\/\/www.cedera-okna.sk\/sk\/","logo":{"@type":"ImageObject","inLanguage":"de-DE","@id":"https:\/\/www.cedera-okna.sk\/sk\/#\/schema\/logo\/image\/","url":"https:\/\/www.cedera-okna.sk\/wp-content\/uploads\/2018\/10\/Cedera-logo.png","contentUrl":"https:\/\/www.cedera-okna.sk\/wp-content\/uploads\/2018\/10\/Cedera-logo.png","width":190,"height":66,"caption":"CEDERA s.r.o."},"image":{"@id":"https:\/\/www.cedera-okna.sk\/sk\/#\/schema\/logo\/image\/"},"sameAs":["https:\/\/www.facebook.com\/okna.cedera\/"]}]}},"_links":{"self":[{"href":"https:\/\/www.cedera-okna.sk\/de\/wp-json\/wp\/v2\/pages\/178","targetHints":{"allow":["GET"]}}],"collection":[{"href":"https:\/\/www.cedera-okna.sk\/de\/wp-json\/wp\/v2\/pages"}],"about":[{"href":"https:\/\/www.cedera-okna.sk\/de\/wp-json\/wp\/v2\/types\/page"}],"author":[{"embeddable":true,"href":"https:\/\/www.cedera-okna.sk\/de\/wp-json\/wp\/v2\/users\/3"}],"replies":[{"embeddable":true,"href":"https:\/\/www.cedera-okna.sk\/de\/wp-json\/wp\/v2\/comments?post=178"}],"version-history":[{"count":1,"href":"https:\/\/www.cedera-okna.sk\/de\/wp-json\/wp\/v2\/pages\/178\/revisions"}],"predecessor-version":[{"id":2457,"href":"https:\/\/www.cedera-okna.sk\/de\/wp-json\/wp\/v2\/pages\/178\/revisions\/2457"}],"wp:attachment":[{"href":"https:\/\/www.cedera-okna.sk\/de\/wp-json\/wp\/v2\/media?parent=178"}],"curies":[{"name":"wp","href":"https:\/\/api.w.org\/{rel}","templated":true}]}}

<p>&nbsp;</p>
<p>Beim Erstellen eines Preisangebotes brauchen wir folgende Informationen:</p>
<ul>
<li>Fenstermaße (schätzungsweise, gemessen von Wand zur Wand &#8211; auch mit der Teilung)</li>
<li>Anzahl der Fenster</li>
<li>Fensterteilung &#8211; die Anzahl der Fenster</li>
<li>Art der Öffnung</li>
<li>Oberflächenfarbe</li>
<li>Glastyp</li>
<li>Holzart (Holzfenster) oder Profiltyp (Kunststofffenster)</li>
<li>die nötigen Dienstleistungen</li>
<li>Zubehör</li>
</ul>
<p>Die Abmessung ihrer Fenster können Sie gerne auch uns überlassen.<br />
Um mit Ihnen einen Kontakt aufzunehmen und unseren Techniker zu Ihnen schicken zu können, bitten wir Sie den Kontaktformular auszufüllen.</p>

<p>&nbsp; Beim Erstellen eines Preisangebotes brauchen wir folgende Informationen: Fenstermaße (schätzungsweise, gemessen von Wand zur Wand &#8211; auch mit der Teilung) Anzahl der Fenster Fensterteilung &#8211; die Anzahl der Fenster Art der Öffnung Oberflächenfarbe Glastyp Holzart (Holzfenster) oder Profiltyp (Kunststofffenster) die nötigen Dienstleistungen Zubehör Die Abmessung ihrer Fenster können Sie gerne auch uns überlassen. Um [&hellip;]</p>

<!-- This site is optimized with the Yoast SEO plugin v27.4 - https://yoast.com/product/yoast-seo-wordpress/ -->
<title>CEDERA Preisangebot - Cedera</title>
<meta name="robots" content="index, follow, max-snippet:-1, max-image-preview:large, max-video-preview:-1" />
<link rel="canonical" href="https://www.cedera-okna.sk/de/preise/" />
<meta property="og:locale" content="de_DE" />
<meta property="og:type" content="article" />
<meta property="og:title" content="CEDERA Preisangebot - Cedera" />
<meta property="og:description" content="&nbsp; Beim Erstellen eines Preisangebotes brauchen wir folgende Informationen: Fenstermaße (schätzungsweise, gemessen von Wand zur Wand &#8211; auch mit der Teilung) Anzahl der Fenster Fensterteilung &#8211; die Anzahl der Fenster Art der Öffnung Oberflächenfarbe Glastyp Holzart (Holzfenster) oder Profiltyp (Kunststofffenster) die nötigen Dienstleistungen Zubehör Die Abmessung ihrer Fenster können Sie gerne auch uns überlassen. Um [&hellip;]" />
<meta property="og:url" content="https://www.cedera-okna.sk/de/preise/" />
<meta property="og:site_name" content="Cedera" />
<meta property="article:publisher" content="https://www.facebook.com/okna.cedera/" />
<meta property="article:modified_time" content="2016-08-24T09:55:32+00:00" />
<!-- / Yoast SEO plugin. -->

&nbsp; Beim Erstellen eines Preisangebotes brauchen wir folgende Informationen: Fenstermaße (schätzungsweise, gemessen von Wand zur Wand &#8211; auch mit der Teilung) Anzahl der Fenster Fensterteilung &#8211; die Anzahl der Fenster Art der Öffnung Oberflächenfarbe Glastyp Holzart (Holzfenster) oder Profiltyp (Kunststofffenster) die nötigen Dienstleistungen Zubehör Die Abmessung ihrer Fenster können Sie gerne auch uns überlassen. Um [&hellip;]

Domovská stránka

Plastové okná Bratislava
