{"id":167,"date":"2011-10-27T10:48:40","date_gmt":"2011-10-27T08:48:40","guid":{"rendered":"http:\/\/cedera-okna.sk\/index.php\/innenjalousien\/"},"modified":"2016-08-23T18:59:24","modified_gmt":"2016-08-23T16:59:24","slug":"innenjalousien","status":"publish","type":"page","link":"https:\/\/www.cedera-okna.sk\/de\/innenjalousien\/","title":{"rendered":"Innenjalousien"},"content":{"rendered":"<div class=\"wpb-content-wrapper\"><p>[vc_row][vc_column width=&#8221;2\/3&#8243;][vc_column_text]<\/p>\n<h3>Klasissche Horizontal- Jalousien<\/h3>\n<p>Horizontal- Jalousien \u2013 wie der Name schon sagt, die Lamellen werden horizontal geordnet. Je nach ihrer Position werden sie in Au\u00dfen- und Innenjalousien geteilt.<\/p>\n<p>Sie geh\u00f6ren zu den meist ben\u00fctzten Verschattungsprodukten. Sie sind f\u00fcr ihre Langlebigkeit bekannt. Zu ihren Eigenschaften geh\u00f6rt die M\u00f6glichkeit, nat\u00fcrliche Beleuchtung zu regulieren und das Interieurklima zu verbessern. Sie bestehen aus einer flexiblen Aluminium- Legierung (die Oberfl\u00e4che wird speziell behandelt). Moderne Innenjalousien haben eine Kugelkette- Steuerung, die zum Kippen, Aufziehen, und Senken der Lamellen verwendet wird.<\/p>\n<p>[\/vc_column_text][\/vc_column][vc_column width=&#8221;1\/3&#8243;][vc_column_text]<img decoding=\"async\" class=\" size-full wp-image-166\" style=\"width: 223px; height: 173px;\" src=\"http:\/\/cedera-okna.sk\/wp-content\/uploads\/2011\/10\/horizontalne_zaluzie1_thumbnail-1.jpg\" alt=\"plastov\u00e9 okn\u00e1, eurookn\u00e1\" width=\"223\" height=\"173\" border=\"0\" \/>[\/vc_column_text][\/vc_column][\/vc_row][vc_row][vc_column width=&#8221;2\/3&#8243;][vc_column_text]<\/p>\n<h3>Bambus- Jalousien<\/h3>\n<p>Aus \u00e4sthetischen Gr\u00fcnden bevorzugen immer mehr Kunden nat\u00fcrliche Rohstoffe. Bambus- Jalousien sind eine nat\u00fcrliche Variante der Verschattung. Es ist kein Holz, obwohl es auf den ersten Blick so wirkt, aber Bambus geh\u00f6rt zur Gruppe der Gr\u00e4ser.<\/p>\n<p>Mit der hochqualitativen und pr\u00e4zissen Ausf\u00fchrung \u00fcbertreffen die Bambusjalousien die strengen technischen Anspr\u00fcche . Sie haben ein einzigartiges Design und verf\u00fcgen \u00fcber exzellente Eigenschaften. Die perfekte Kombination aller Eigenschaften stellt auch anspruchsvolle Kunden zufrieden. Das besondere und nat\u00fcrliche Material und Konstruktion von den Jalousien gelten auch als ein dekoratives Element. Sie sind geeignet f\u00fcr alle Eurofenster und Kunststofffenster mit Holzimitatfolie. Je nach Bedarf und Geschmack k\u00f6nnen sie auch frei h\u00e4ngend am Fenster angebracht werden.[\/vc_column_text][\/vc_column][vc_column width=&#8221;1\/3&#8243;][vc_column_text]<img decoding=\"async\" class=\" size-full wp-image-108\" style=\"width: 236px; height: 252px;\" src=\"http:\/\/cedera-okna.sk\/wp-content\/uploads\/2011\/10\/bambusove%20zaluzie%203.jpg\" alt=\"doplnky na okn\u00e1, bambusov\u00e9 \u017eal\u00fazie\" width=\"236\" height=\"252\" border=\"0\" \/>[\/vc_column_text][\/vc_column][\/vc_row][vc_row][vc_column width=&#8221;2\/3&#8243;][vc_column_text]<\/p>\n<h3>Vertikal- Jalousien<\/h3>\n<p>Die Vertikal- Jalousien geben Ihrem Zuhause einen besonderen Touch. Die Kombination der technischen M\u00f6glichkeiten, des Gebrauchswertes und des \u00e4sthetischen Gesamteindruckes kann mehrere Probleme auf einmal l\u00f6sen.<\/p>\n<p>Die prim\u00e4re Funktion ist der Sonnenschutz, der dank Vertikal- Jalousien perfekt gew\u00e4hrleistet ist. Die Vertikaljalousien erm\u00f6glichen anspruchsvolle Raumteilung Ihrer Wohnung oder im B\u00fcro. Sie sorgen f\u00fcr effektive Schalld\u00e4mmumn und W\u00e4rmed\u00e4mmung. Dabei ersetzen sie die Vorh\u00e4nge, Gardinen und andere Arten von Jalousien. Vertikal- Jalousien spielen auch eine dekorative Rolle und mit verschiedenen Farbenspiel erm\u00f6glichen sie einen besonderen Charakter und au\u00dfergew\u00f6hnliche Atmosph\u00e4re Ihres Raumes. Technische Ausarbeitung erm\u00f6glicht schnelle Abmontierung der Lamellen, ihre Pflege und Reinigung oder Ersatz durch neue Lamellen \u2013 das Mechanismus funktioniert f\u00fcr viele Jahre.[\/vc_column_text][\/vc_column][vc_column width=&#8221;1\/3&#8243;][vc_column_text]<img decoding=\"async\" class=\" size-full wp-image-109\" src=\"http:\/\/cedera-okna.sk\/wp-content\/uploads\/2011\/10\/vertik-1.jpg\" alt=\"interi\u00e9rov\u00e9 \u017eal\u00fazie, bambusov\u00e9\" width=\"163\" height=\"230\" border=\"0\" hspace=\"20\" vspace=\"30\" \/>[\/vc_column_text][\/vc_column][\/vc_row]<\/p>\n<\/div>","protected":false},"excerpt":{"rendered":"<p>[vc_row][vc_column width=&#8221;2\/3&#8243;][vc_column_text] Klasissche Horizontal- Jalousien Horizontal- Jalousien \u2013 wie der Name schon sagt, die Lamellen werden horizontal geordnet. Je nach ihrer Position werden sie in Au\u00dfen- und Innenjalousien geteilt. Sie geh\u00f6ren zu den meist ben\u00fctzten Verschattungsprodukten. Sie sind f\u00fcr ihre Langlebigkeit bekannt. Zu ihren Eigenschaften geh\u00f6rt die M\u00f6glichkeit, nat\u00fcrliche Beleuchtung zu regulieren und das Interieurklima [&hellip;]<\/p>\n","protected":false},"author":3,"featured_media":2403,"parent":0,"menu_order":26,"comment_status":"closed","ping_status":"closed","template":"","meta":{"footnotes":""},"class_list":["post-167","page","type-page","status-publish","has-post-thumbnail","hentry"],"yoast_head":"<!-- This site is optimized with the Yoast SEO plugin v27.4 - https:\/\/yoast.com\/product\/yoast-seo-wordpress\/ -->\n<title>Innenjalousien - Cedera<\/title>\n<meta name=\"robots\" content=\"index, follow, max-snippet:-1, max-image-preview:large, max-video-preview:-1\" \/>\n<link rel=\"canonical\" href=\"https:\/\/www.cedera-okna.sk\/de\/innenjalousien\/\" \/>\n<meta property=\"og:locale\" content=\"de_DE\" \/>\n<meta property=\"og:type\" content=\"article\" \/>\n<meta property=\"og:title\" content=\"Innenjalousien - Cedera\" \/>\n<meta property=\"og:description\" content=\"[vc_row][vc_column width=&#8221;2\/3&#8243;][vc_column_text] Klasissche Horizontal- Jalousien Horizontal- Jalousien \u2013 wie der Name schon sagt, die Lamellen werden horizontal geordnet. Je nach ihrer Position werden sie in Au\u00dfen- und Innenjalousien geteilt. Sie geh\u00f6ren zu den meist ben\u00fctzten Verschattungsprodukten. Sie sind f\u00fcr ihre Langlebigkeit bekannt. Zu ihren Eigenschaften geh\u00f6rt die M\u00f6glichkeit, nat\u00fcrliche Beleuchtung zu regulieren und das Interieurklima [&hellip;]\" \/>\n<meta property=\"og:url\" content=\"https:\/\/www.cedera-okna.sk\/de\/innenjalousien\/\" \/>\n<meta property=\"og:site_name\" content=\"Cedera\" \/>\n<meta property=\"article:publisher\" content=\"https:\/\/www.facebook.com\/okna.cedera\/\" \/>\n<meta property=\"article:modified_time\" content=\"2016-08-23T16:59:24+00:00\" \/>\n<meta property=\"og:image\" content=\"https:\/\/www.cedera-okna.sk\/wp-content\/uploads\/2011\/10\/horizontalne_zaluzie1_thumbnail-1.jpg\" \/>\n\t<meta property=\"og:image:width\" content=\"350\" \/>\n\t<meta property=\"og:image:height\" content=\"282\" \/>\n\t<meta property=\"og:image:type\" content=\"image\/jpeg\" \/>\n<meta name=\"twitter:label1\" content=\"Est. reading time\" \/>\n\t<meta name=\"twitter:data1\" content=\"2 minutes\" \/>\n<!-- \/ Yoast SEO plugin. -->","yoast_head_json":{"title":"Innenjalousien - Cedera","robots":{"index":"index","follow":"follow","max-snippet":"max-snippet:-1","max-image-preview":"max-image-preview:large","max-video-preview":"max-video-preview:-1"},"canonical":"https:\/\/www.cedera-okna.sk\/de\/innenjalousien\/","og_locale":"de_DE","og_type":"article","og_title":"Innenjalousien - Cedera","og_description":"[vc_row][vc_column width=&#8221;2\/3&#8243;][vc_column_text] Klasissche Horizontal- Jalousien Horizontal- Jalousien \u2013 wie der Name schon sagt, die Lamellen werden horizontal geordnet. Je nach ihrer Position werden sie in Au\u00dfen- und Innenjalousien geteilt. Sie geh\u00f6ren zu den meist ben\u00fctzten Verschattungsprodukten. Sie sind f\u00fcr ihre Langlebigkeit bekannt. Zu ihren Eigenschaften geh\u00f6rt die M\u00f6glichkeit, nat\u00fcrliche Beleuchtung zu regulieren und das Interieurklima [&hellip;]","og_url":"https:\/\/www.cedera-okna.sk\/de\/innenjalousien\/","og_site_name":"Cedera","article_publisher":"https:\/\/www.facebook.com\/okna.cedera\/","article_modified_time":"2016-08-23T16:59:24+00:00","og_image":[{"width":350,"height":282,"url":"https:\/\/www.cedera-okna.sk\/wp-content\/uploads\/2011\/10\/horizontalne_zaluzie1_thumbnail-1.jpg","type":"image\/jpeg"}],"twitter_misc":{"Est. reading time":"2 minutes"},"schema":{"@context":"https:\/\/schema.org","@graph":[{"@type":"WebPage","@id":"https:\/\/www.cedera-okna.sk\/de\/innenjalousien\/","url":"https:\/\/www.cedera-okna.sk\/de\/innenjalousien\/","name":"Innenjalousien - Cedera","isPartOf":{"@id":"https:\/\/www.cedera-okna.sk\/sk\/#website"},"primaryImageOfPage":{"@id":"https:\/\/www.cedera-okna.sk\/de\/innenjalousien\/#primaryimage"},"image":{"@id":"https:\/\/www.cedera-okna.sk\/de\/innenjalousien\/#primaryimage"},"thumbnailUrl":"https:\/\/www.cedera-okna.sk\/wp-content\/uploads\/2011\/10\/horizontalne_zaluzie1_thumbnail-1.jpg","datePublished":"2011-10-27T08:48:40+00:00","dateModified":"2016-08-23T16:59:24+00:00","breadcrumb":{"@id":"https:\/\/www.cedera-okna.sk\/de\/innenjalousien\/#breadcrumb"},"inLanguage":"de-DE","potentialAction":[{"@type":"ReadAction","target":["https:\/\/www.cedera-okna.sk\/de\/innenjalousien\/"]}]},{"@type":"ImageObject","inLanguage":"de-DE","@id":"https:\/\/www.cedera-okna.sk\/de\/innenjalousien\/#primaryimage","url":"https:\/\/www.cedera-okna.sk\/wp-content\/uploads\/2011\/10\/horizontalne_zaluzie1_thumbnail-1.jpg","contentUrl":"https:\/\/www.cedera-okna.sk\/wp-content\/uploads\/2011\/10\/horizontalne_zaluzie1_thumbnail-1.jpg","width":350,"height":282,"caption":"plastov\u00e9 okn\u00e1, eurookn\u00e1"},{"@type":"BreadcrumbList","@id":"https:\/\/www.cedera-okna.sk\/de\/innenjalousien\/#breadcrumb","itemListElement":[{"@type":"ListItem","position":1,"name":"Domovsk\u00e1 str\u00e1nka","item":"https:\/\/www.cedera-okna.sk\/de\/"},{"@type":"ListItem","position":2,"name":"Innenjalousien"}]},{"@type":"WebSite","@id":"https:\/\/www.cedera-okna.sk\/sk\/#website","url":"https:\/\/www.cedera-okna.sk\/sk\/","name":"Cedera","description":"Plastov\u00e9 okn\u00e1 Bratislava","publisher":{"@id":"https:\/\/www.cedera-okna.sk\/sk\/#organization"},"potentialAction":[{"@type":"SearchAction","target":{"@type":"EntryPoint","urlTemplate":"https:\/\/www.cedera-okna.sk\/sk\/?s={search_term_string}"},"query-input":{"@type":"PropertyValueSpecification","valueRequired":true,"valueName":"search_term_string"}}],"inLanguage":"de-DE"},{"@type":"Organization","@id":"https:\/\/www.cedera-okna.sk\/sk\/#organization","name":"CEDERA s.r.o.","url":"https:\/\/www.cedera-okna.sk\/sk\/","logo":{"@type":"ImageObject","inLanguage":"de-DE","@id":"https:\/\/www.cedera-okna.sk\/sk\/#\/schema\/logo\/image\/","url":"https:\/\/www.cedera-okna.sk\/wp-content\/uploads\/2018\/10\/Cedera-logo.png","contentUrl":"https:\/\/www.cedera-okna.sk\/wp-content\/uploads\/2018\/10\/Cedera-logo.png","width":190,"height":66,"caption":"CEDERA s.r.o."},"image":{"@id":"https:\/\/www.cedera-okna.sk\/sk\/#\/schema\/logo\/image\/"},"sameAs":["https:\/\/www.facebook.com\/okna.cedera\/"]}]}},"_links":{"self":[{"href":"https:\/\/www.cedera-okna.sk\/de\/wp-json\/wp\/v2\/pages\/167","targetHints":{"allow":["GET"]}}],"collection":[{"href":"https:\/\/www.cedera-okna.sk\/de\/wp-json\/wp\/v2\/pages"}],"about":[{"href":"https:\/\/www.cedera-okna.sk\/de\/wp-json\/wp\/v2\/types\/page"}],"author":[{"embeddable":true,"href":"https:\/\/www.cedera-okna.sk\/de\/wp-json\/wp\/v2\/users\/3"}],"replies":[{"embeddable":true,"href":"https:\/\/www.cedera-okna.sk\/de\/wp-json\/wp\/v2\/comments?post=167"}],"version-history":[{"count":3,"href":"https:\/\/www.cedera-okna.sk\/de\/wp-json\/wp\/v2\/pages\/167\/revisions"}],"predecessor-version":[{"id":2759,"href":"https:\/\/www.cedera-okna.sk\/de\/wp-json\/wp\/v2\/pages\/167\/revisions\/2759"}],"wp:featuredmedia":[{"embeddable":true,"href":"https:\/\/www.cedera-okna.sk\/de\/wp-json\/wp\/v2\/media\/2403"}],"wp:attachment":[{"href":"https:\/\/www.cedera-okna.sk\/de\/wp-json\/wp\/v2\/media?parent=167"}],"curies":[{"name":"wp","href":"https:\/\/api.w.org\/{rel}","templated":true}]}}

<div class="wpb-content-wrapper"><p>[vc_row][vc_column width=&#8221;2/3&#8243;][vc_column_text]</p>
<h3>Klasissche Horizontal- Jalousien</h3>
<p>Horizontal- Jalousien – wie der Name schon sagt, die Lamellen werden horizontal geordnet. Je nach ihrer Position werden sie in Außen- und Innenjalousien geteilt.</p>
<p>Sie gehören zu den meist benützten Verschattungsprodukten. Sie sind für ihre Langlebigkeit bekannt. Zu ihren Eigenschaften gehört die Möglichkeit, natürliche Beleuchtung zu regulieren und das Interieurklima zu verbessern. Sie bestehen aus einer flexiblen Aluminium- Legierung (die Oberfläche wird speziell behandelt). Moderne Innenjalousien haben eine Kugelkette- Steuerung, die zum Kippen, Aufziehen, und Senken der Lamellen verwendet wird.</p>
<p>[/vc_column_text][/vc_column][vc_column width=&#8221;1/3&#8243;][vc_column_text]<img decoding="async" class=" size-full wp-image-166" style="width: 223px; height: 173px;" src="http://cedera-okna.sk/wp-content/uploads/2011/10/horizontalne_zaluzie1_thumbnail-1.jpg" alt="plastové okná, eurookná" width="223" height="173" border="0" />[/vc_column_text][/vc_column][/vc_row][vc_row][vc_column width=&#8221;2/3&#8243;][vc_column_text]</p>
<h3>Bambus- Jalousien</h3>
<p>Aus ästhetischen Gründen bevorzugen immer mehr Kunden natürliche Rohstoffe. Bambus- Jalousien sind eine natürliche Variante der Verschattung. Es ist kein Holz, obwohl es auf den ersten Blick so wirkt, aber Bambus gehört zur Gruppe der Gräser.</p>
<p>Mit der hochqualitativen und präzissen Ausführung übertreffen die Bambusjalousien die strengen technischen Ansprüche . Sie haben ein einzigartiges Design und verfügen über exzellente Eigenschaften. Die perfekte Kombination aller Eigenschaften stellt auch anspruchsvolle Kunden zufrieden. Das besondere und natürliche Material und Konstruktion von den Jalousien gelten auch als ein dekoratives Element. Sie sind geeignet für alle Eurofenster und Kunststofffenster mit Holzimitatfolie. Je nach Bedarf und Geschmack können sie auch frei hängend am Fenster angebracht werden.[/vc_column_text][/vc_column][vc_column width=&#8221;1/3&#8243;][vc_column_text]<img decoding="async" class=" size-full wp-image-108" style="width: 236px; height: 252px;" src="http://cedera-okna.sk/wp-content/uploads/2011/10/bambusove%20zaluzie%203.jpg" alt="doplnky na okná, bambusové žalúzie" width="236" height="252" border="0" />[/vc_column_text][/vc_column][/vc_row][vc_row][vc_column width=&#8221;2/3&#8243;][vc_column_text]</p>
<h3>Vertikal- Jalousien</h3>
<p>Die Vertikal- Jalousien geben Ihrem Zuhause einen besonderen Touch. Die Kombination der technischen Möglichkeiten, des Gebrauchswertes und des ästhetischen Gesamteindruckes kann mehrere Probleme auf einmal lösen.</p>
<p>Die primäre Funktion ist der Sonnenschutz, der dank Vertikal- Jalousien perfekt gewährleistet ist. Die Vertikaljalousien ermöglichen anspruchsvolle Raumteilung Ihrer Wohnung oder im Büro. Sie sorgen für effektive Schalldämmumn und Wärmedämmung. Dabei ersetzen sie die Vorhänge, Gardinen und andere Arten von Jalousien. Vertikal- Jalousien spielen auch eine dekorative Rolle und mit verschiedenen Farbenspiel ermöglichen sie einen besonderen Charakter und außergewöhnliche Atmosphäre Ihres Raumes. Technische Ausarbeitung ermöglicht schnelle Abmontierung der Lamellen, ihre Pflege und Reinigung oder Ersatz durch neue Lamellen – das Mechanismus funktioniert für viele Jahre.[/vc_column_text][/vc_column][vc_column width=&#8221;1/3&#8243;][vc_column_text]<img decoding="async" class=" size-full wp-image-109" src="http://cedera-okna.sk/wp-content/uploads/2011/10/vertik-1.jpg" alt="interiérové žalúzie, bambusové" width="163" height="230" border="0" hspace="20" vspace="30" />[/vc_column_text][/vc_column][/vc_row]</p>
</div>

<p>[vc_row][vc_column width=&#8221;2/3&#8243;][vc_column_text] Klasissche Horizontal- Jalousien Horizontal- Jalousien – wie der Name schon sagt, die Lamellen werden horizontal geordnet. Je nach ihrer Position werden sie in Außen- und Innenjalousien geteilt. Sie gehören zu den meist benützten Verschattungsprodukten. Sie sind für ihre Langlebigkeit bekannt. Zu ihren Eigenschaften gehört die Möglichkeit, natürliche Beleuchtung zu regulieren und das Interieurklima [&hellip;]</p>

<!-- This site is optimized with the Yoast SEO plugin v27.4 - https://yoast.com/product/yoast-seo-wordpress/ -->
<title>Innenjalousien - Cedera</title>
<meta name="robots" content="index, follow, max-snippet:-1, max-image-preview:large, max-video-preview:-1" />
<link rel="canonical" href="https://www.cedera-okna.sk/de/innenjalousien/" />
<meta property="og:locale" content="de_DE" />
<meta property="og:type" content="article" />
<meta property="og:title" content="Innenjalousien - Cedera" />
<meta property="og:description" content="[vc_row][vc_column width=&#8221;2/3&#8243;][vc_column_text] Klasissche Horizontal- Jalousien Horizontal- Jalousien – wie der Name schon sagt, die Lamellen werden horizontal geordnet. Je nach ihrer Position werden sie in Außen- und Innenjalousien geteilt. Sie gehören zu den meist benützten Verschattungsprodukten. Sie sind für ihre Langlebigkeit bekannt. Zu ihren Eigenschaften gehört die Möglichkeit, natürliche Beleuchtung zu regulieren und das Interieurklima [&hellip;]" />
<meta property="og:url" content="https://www.cedera-okna.sk/de/innenjalousien/" />
<meta property="og:site_name" content="Cedera" />
<meta property="article:publisher" content="https://www.facebook.com/okna.cedera/" />
<meta property="article:modified_time" content="2016-08-23T16:59:24+00:00" />
<meta property="og:image" content="https://www.cedera-okna.sk/wp-content/uploads/2011/10/horizontalne_zaluzie1_thumbnail-1.jpg" />
	<meta property="og:image:width" content="350" />
	<meta property="og:image:height" content="282" />
	<meta property="og:image:type" content="image/jpeg" />
<meta name="twitter:label1" content="Est. reading time" />
	<meta name="twitter:data1" content="2 minutes" />
<!-- / Yoast SEO plugin. -->

[vc_row][vc_column width=&#8221;2/3&#8243;][vc_column_text] Klasissche Horizontal- Jalousien Horizontal- Jalousien – wie der Name schon sagt, die Lamellen werden horizontal geordnet. Je nach ihrer Position werden sie in Außen- und Innenjalousien geteilt. Sie gehören zu den meist benützten Verschattungsprodukten. Sie sind für ihre Langlebigkeit bekannt. Zu ihren Eigenschaften gehört die Möglichkeit, natürliche Beleuchtung zu regulieren und das Interieurklima [&hellip;]

plastové okná, eurookná

Domovská stránka

Plastové okná Bratislava
